7 - 8) + (11 - -3) - 6
2
6 - -69 - (33 - (25 + -15))
52
What is (-6 - (-20 - -9)) + (2 + 16 - -5)?
28
What is the value of -20 - (75 + -26 - 26)?
-43
Evaluate (142 - (-142 - -289)) + 102 + -1.
96
Calculate -63 - (16 + -111 - 15).
47
What is the value of 75 + -3 + -15 + (-7 - (4 - 23))?
69
What is -8 + 3 + -14 + 24 - (-19 - 17)?
41
(-43 - -24) + (-19 - 0 - (-103 - -24))
41
Evaluate 6 - (-13 - (20 + -39)).
0
Evaluate (-1 - -109) + 49 + -43 + -39 + 13.
88
What is the value of 119 - (-179 + 89 - -146)?
63
3 + (1 - 2) + 80 + (-126 - -129)
85
What is -11 + (-13 - (-14 - (42 + (9 - 10))))?
31
-10 + (-38 + 77 - (3 + (4 - -7)))
15
What is the value of (-9 - -1) + (-86 - -99) + (88 - (3 + -5))?
95
What is (-21 - (3 - 13)) + -47 + (3 - 2) + -5?
-62
What is -121 + 66 + -16 - (-4 + -1)?
-66
2 + -2 + 0 + (-32 - (-46 + -31)) + -8
37
-62 + 15 + 25 + -69
-91
Evaluate 51 + 26 + -47 + -29.
1
What is the value of ((-14 - -16) + 4 - 6) + (-2 - -2 - 73)?
-73
(116 - 110) + 161 - 95
72
What is -40 - ((-2 - -13) + (32 - 50))?
-33
5 + 5 + -22 + 12
0
Evaluate -242 + 80 + 41 + 33.
-88
Evaluate 3 - (18 - 20 - -17 - 29 - 26).
43
Evaluate 67 - (10 + -7 + (-6 - -4) + -5).
71
Evaluate -85 + -73 + 180 + (2 - 41).
-17
Evaluate -2793 + 2737 + (40 - 1).
-17
Calculate 37 + -33 + 4 + 4 + -60 + -1.
-49
Calculate 97 + -153 - (-46 + -8).
-2
What is the value of 28 - -7 - (-56 - -105)?
-14
Evaluate -89 - (-8 + -28) - -37.
-16
Calculate -1 + 11 + -12 + -4 - 4 - -7.
-3
Calculate -59 + -19 + 21 + 49.
-8
What is -34 + 15 + -7 + 1 + -7 + -14?
-46
What is (3090 - 3026) + (-3 - (-4 + 5 + 20))?
40
82 + -5 + -5 + -2 + (-9 - -5) + -5
61
-4 - -15 - (-11 + -2 + 26 + 48)
-50
Evaluate (5 - (-17 - 0)) + -32 + (13 - -81).
84
What is (-19 - -32) + (-5 - -5 - 3) + 0 - 54?
-44
What is 8 - (-1 + 23 - (122 - 84))?
24
Evaluate ((-1 - -10) + 77 + 9 - -3 - -5) + 7.
110
What is 6 + 73 + -103 + 152?
128
What is (15 - -18) + 2 - (27 + -11)?
19
What is 13 + (-1 - 53) + 26 + -38 + 24?
-29
Calculate -3 + 3 + 14 - (55 + -20 - 88).
67
Evaluate (2893 - 2903) + (-1 - (0 - (3 + -5))).
-13
(-28 - 1) + 10 - -30
11
Calculate 1 - -7 - (-14 + 33 + (-15 + 18 - 84)).
70
(18 - (31 + -51 + 31)) + -16
-9
What is (-13 - 0) + 77 + -73 - 34?
-43
18 - (40 - (90 - 31))
37
Evaluate -43 + (35 - 43 - -29).
-22
(-3 - 0) + -20 + -1 + 17 + -115 + 96
-26
Evaluate -5 + -31 + -56 + -15.
-107
Calculate 12 + -2 + 5 - (-1152 - -1142).
25
What is 0 - -9 - (15 - (-30 + 25 + -22))?
-33
What is the value of -59 - (-13 + -34) - (93 - 3)?
-102
Evaluate (1 - 6) + -9 + (0 - 6).
-20
What is 5 - (34 + 1 - (80 - 65)) - 12?
-27
Evaluate 31 - ((-12 - -39) + -15).
19
(25 + -32 + -63 - 11) + (-2 - -6)
-77
Evaluate -14 - (-128 - (-15 + 6 + -14 + 3)).
94
Calculate (-70 + 75 - 124) + 50.
-69
What is 43 + 100 + -23 - 52?
68
Calculate -79 + 84 - 20 - (-1 + -8).
-6
What is 31714 - 31750 - (-1 - -22)?
-57
Evaluate (72 - 48) + (4 - (-8 - 4)) + -3.
37
-13 - (-2 + -1) - ((-39 - -32) + 18)
-21
Calculate -37 + (5 - (18 - 9) - 18).
-59
What is -8 + 15 + (2 + -32 + 8 - -4) - 2?
-13
Calculate -5 + (-11 - (4 + 3 - -5)) - -10.
-18
What is the value of 76 + 0 - (137 + -253 + 136)?
56
(9 - (-2 + 16)) + 13 + 40
48
-16 - (-7 + (-64 - 4))
59
(-5 - -3) + (8 - 3) - -9 - 12
0
(-12 - ((-2 - 1) + (107 - 97) - 17)) + 17
15
Evaluate 45 - (-14 - 18 - -117).
-40
Evaluate -12 + -6 - (29 + 13 + -20).
-40
What is -37 + (-493 + 456 - (-72 + 1))?
-3
Evaluate (-7 + 25 + -43 + 23 - (-5 + -2)) + -79.
-74
Calculate -28 - (-6 - (37 - 37)).
-22
Calculate -59 - (-36 + (-54 - 7)).
38
(-1 + 3 - -2) + -34 + -50 + 86 - 12
-6
What is the value of 18 - 5 - (40 + -33 + -22)?
28
What is the value of 16 + -3 - (14 + (-17 - -9) + 15)?
-8
What is (1 - -16) + (-4194 - -4163)?
-14
-27 + (114 - 2) - (-15 - (-3 - -3))
100
What is the value of (-5 + 8 - -22) + (-28 - (0 + -43))?
40
(30 - 15) + (-4 - -26) + 7
44
What is 7 - -4 - (71 - 65 - 15)?
20
What is -34798 + 34839 - (3 + -1 - 39)?
78
(-20 - -18) + 36 + -2
32
Calculate 63 - 93 - (-25 + 4) - (24 + -1).
-32
Calculate 127 + -3 + 4277 + -4257.
144
Evaluate -51 + -1 + (-3 - -2) + 8 + 0.
-45
Evaluate 11678 - 11533 - (2 + 47).
96
What is the value of -4 + -13 + (0 - 11) + 21 - 15?
-22
Calculate -1 + -7 - ((-475 - -506) + -23 + -1 - 26).
11
What is -51 - (-10 - (5 + -6) - -12 - -8 - 4)?
-58
What is 276 - 279 - (1 + -6) - -46?
48
-286 + 59 + -18 + 140
-105
Evaluate 4 - (-15 - (24 + -9 + -21) - 10).
23
Calculate (379 - 346) + (6 - 16) + 19.
42
What is -35 + 14 + 21 + -2 - 23?
-25
Calculate 32126 - 32131 - (-3 + 1 - (-5 + 2) - -6).
-12
Calculate 27 - 7 - (-1 + -3 + (-13 - -7) + 15).
15
Calculate -10 + -2 + 96 + -43 + -2 + (13 - 3).
49
What is (101 - (26 + 76)) + 30?
29
What is the value of (-3 + -2 - 1) + 39 + 27 + 12?
72
What is 86 - (-8 + 58) - 23?
13
What is the value of -34 + (-14 - (-1 - 4)) + 25?
-18
(106 - -37) + -146 + (-19 - -1)
-21
Evaluate -14 + (19 + (-44 - 4) - -21).
-22
Evaluate (-61 - (-56 + 3)) + 79.
71
Calculate -21 + (16 - 47) + 42 - (-1 - 18).
9
(-79 + 28 - 14) + -24
-89
What is (47 - 39) + -36 - -42?
14
Calculate -6 + -16 + (24 - 5) + 22.
19
(-72 - (-59 - (38 + -75))) + -1 + (2 - 1)
-50
Calculate -1 + 9 - -8 - (3 - -5).
8
Calculate 15 - (30 + 13 + -14) - -23 - -51.
60
Calculate 33 + -18 + 34 + 6 + -43.
12
Calculate (16 - -1) + (-8 - (116 - (15 + -15))).
-107
(-8 - 17) + 4 + (-30 - -3) + 18
-30
What is (-17 + (19 - -4) - -18) + -18?
6
Evaluate (1 - (1 - 0)) + (-61662 - -61583).
-79
553 + -595 - (2 - 0 - 3 - 0)
-41
(22 - 28 - 11) + (-1 - 14)
-32
0 + (4 - (-3 + 9) - (-65 - -5))
58
Calculate -80 - 8 - -76 - -114.
102
What is the value of -25 + (-38 - ((18 - (-2 + 21)) + -21))?
-41
Evaluate 2 - (39 + -31 + 11 + -29).
12
Calculate -9 - 3 - (-75 + 97).
-34
What is -17 - (-28 + -52) - (5 - 29 - -2)?
85
-119 - (-31 + 99 + -120)
-67
Calculate -12379 - -12322 - (1 + -93).
35
Calculate -2 + -2 + 1 - (-60 + (7 - -4)).
46
Calculate -54 - (2 + (382 - 382 - (-1 + 1))).
-56
What is 15 + -20 + (51 - (-69 + 36))?
79
What is the value of (-1 + 0 - -30) + 8872 + -8893?
8
-4 + 5 + (20 - 2) + (28 - 60)
-13
What is 2 + 0 + -3 + (9 - -56) + 275 + -267?
72
What is 119 - (228 - (124 + -37))?
-22
What is 12 - (-8 + 1 + 21 + -20)?
18
What is the value of (-28 - -9 - (106 - 151)) + -142?
-116
What is the value of -88 + (-51 - (-101 - -30))?
-68
What is (-31 + 83 - 0) + -12 + -22?
18
0 + 8 + (6 - 5) - 7 - (21 + -1)
-18
Evaluate 98 + 60 + (-97 - 3).
58
What is 11 - 16 - (-35 - (-30 + 80) - (2 + 3))?
85
Calculate (3 + 6 - 25) + 32 + 1 - -46.
63
What is the value of -32 + (52 - 58) + (6 - 8)?
-40
-10 + (-6 - (-13 + -11)) + -26 + 4
-14
Evaluate (9 - -6 - 6 - -12) + 7.
28
What is (-25 - 2) + (1 - -1 - (-19 + 7)) + -61?
-74
What is -36 - (31 + -64) - -36?
33
What is the value of -82 - (-252 + 23) - 77?
70
63 - -1 - (5 - (-19 + (-4 - -22) - 5))
53
What is the value of (269 - 78) + -117 - (23 - 2)?
53
Calculate 51 + (-37 - (28 - -26)).
-40
What is (-23 - -68) + -6 + (-182 - -39)?
-104
What is the value of 60 + -1 + -21 + 7?
45
What is (-13676 - -13573) + (-1 - -211)?
107
What is the value of -1 + -22 + (384 - 342) + 5?
24
Calculate 16 + 1 - (662 + -643) - -43.
41
Evaluate (16 - 0) + (40 - 102 - 14).
-60
100 - ((6 - (11 + -6)) + (19 - (22 + -16)))
86
45 + (-36 - -72) + -58
23
Calculate 6 + -3 + -37 - (-3579 - -3590).
-45
What is the value of 9 + -1 + (5 - -4) + (106 - 71)?
52
Calculate -10 + 19 + (-20 - -4 - -10) + -102 + 13.
-86
What is the value of (4 - 5) + 18 - (30 + -15 - -25)?
-23
Evaluate 41 - (2 - 40 - (239 + -283)).
35
(11 - -14 - 89) + (-68 - -104)
-28
Evaluate -1 - (16 + -7) - ((7 - -9) + 10).
-36
-25 + (47 - (36 - -5))
-19
68 + (2 - -2) - (-5 - 18 - (-143 - -128))
80
What is the value of (-68 - (46 - 106)) + 10?
2
What is -26 + -53 + 45 + 68?
34
What is 1 + -1 + 6 - (2077 - 2048)?
-23
Evaluate (-54 - -190) + (-133 - -82).
85
What is the value of (-2 + -2 - (5 + -6) - -2) + (-313 - -261)?
-53
What is 37 - (-14 + 33 + 8 + -17 + 1)?
26
Calculate -4 + -5 + (102 - ((-3 - (-14 - -19)) + 23)).
78
What is 122 + (70 - 29) + -119?
44
Calculate 44 + (-145 - -41) + 70.
10
Evaluate -302 + 301 + 42 + -1 - -3.
43
-3 + -5 + 5 + (393 - 420)
-30
Calculate -38 + (11 - 4) - -34.
3
Calculate 13 + (-6 - -1) + -28 + 61.
41
What is the value of 45 - (-26 - -57) - (-4 - (3 + -25))?
-4
What is -19 - (79 